{"id":14674,"date":"2026-08-25T16:13:54","date_gmt":"2026-08-25T14:13:54","guid":{"rendered":"https:\/\/www.socialenergie.be\/fr\/?post_type=jurisprudence&#038;p=14674"},"modified":"2026-08-25T16:13:54","modified_gmt":"2026-08-25T14:13:54","slug":"obligation-de-relogement-dune-ais-apres-renon","status":"publish","type":"jurisprudence","link":"https:\/\/www.socialenergie.be\/fr\/jurisprudence\/obligation-de-relogement-dune-ais-apres-renon\/","title":{"rendered":"Obligation de relogement d&rsquo;une AIS apr\u00e8s renon"},"content":{"rendered":"<p class=\"elementtoproof\" style=\"margin-bottom: 12.0pt;\"><span style=\"font-family: 'Tahoma',sans-serif; color: black;\">Une AIS a donn\u00e9 un renon \u00e0 un locataire \u00e0 l&rsquo;issue de la p\u00e9riode contractuelle. Le renon \u00e9tait parfaitement valable au regard du droit civil et avait \u00e9t\u00e9 donn\u00e9 avec un pr\u00e9avis d&rsquo;un an.<\/span><\/p>\n<p class=\"elementtoproof\"><span style=\"font-family: 'Tahoma',sans-serif; color: black;\">Malgr\u00e9 tout, la juge de paix a condamn\u00e9 l&rsquo;AIS \u00e0 faire une proposition de relogement au locataire (et a r\u00e9serv\u00e9 \u00e0 statuer pour le surplus).<\/span><\/p>\n<p class=\"elementtoproof\"><span style=\"font-family: 'Tahoma',sans-serif; color: black;\">\u00a0<\/span><span style=\"font-family: 'Tahoma',sans-serif; color: black;\">Cette jurisprudence peut \u00e9galement \u00eatre mobilis\u00e9e si le contrat de bail a d\u00fb \u00eatre interrompu du fait d&rsquo;une grave insalubrit\u00e9.<\/span><\/p>\n","protected":false},"template":"","type-de-categorie":[323],"type-de-vecteur":[226],"jurisprudence-type":[81],"jurisprudence-tag":[331],"class_list":["post-14674","jurisprudence","type-jurisprudence","status-publish","hentry","type-de-categorie-autres","type-de-vecteur-logement","jurisprudence-type-justice","jurisprudence-tag-ais"],"acf":[],"_links":{"self":[{"href":"https:\/\/www.socialenergie.be\/fr\/wp-json\/wp\/v2\/jurisprudence\/14674","targetHints":{"allow":["GET"]}}],"collection":[{"href":"https:\/\/www.socialenergie.be\/fr\/wp-json\/wp\/v2\/jurisprudence"}],"about":[{"href":"https:\/\/www.socialenergie.be\/fr\/wp-json\/wp\/v2\/types\/jurisprudence"}],"wp:attachment":[{"href":"https:\/\/www.socialenergie.be\/fr\/wp-json\/wp\/v2\/media?parent=14674"}],"wp:term":[{"taxonomy":"type-de-categorie","embeddable":true,"href":"https:\/\/www.socialenergie.be\/fr\/wp-json\/wp\/v2\/type-de-categorie?post=14674"},{"taxonomy":"type-de-vecteur","embeddable":true,"href":"https:\/\/www.socialenergie.be\/fr\/wp-json\/wp\/v2\/type-de-vecteur?post=14674"},{"taxonomy":"jurisprudence-type","embeddable":true,"href":"https:\/\/www.socialenergie.be\/fr\/wp-json\/wp\/v2\/jurisprudence-type?post=14674"},{"taxonomy":"jurisprudence-tag","embeddable":true,"href":"https:\/\/www.socialenergie.be\/fr\/wp-json\/wp\/v2\/jurisprudence-tag?post=14674"}],"curies":[{"name":"wp","href":"https:\/\/api.w.org\/{rel}","templated":true}]}}

Obligation de relogement d&rsquo;une AIS après renon

<p class="elementtoproof" style="margin-bottom: 12.0pt;"><span style="font-family: 'Tahoma',sans-serif; color: black;">Une AIS a donné un renon à un locataire à l&rsquo;issue de la période contractuelle. Le renon était parfaitement valable au regard du droit civil et avait été donné avec un préavis d&rsquo;un an.</span></p>
<p class="elementtoproof"><span style="font-family: 'Tahoma',sans-serif; color: black;">Malgré tout, la juge de paix a condamné l&rsquo;AIS à faire une proposition de relogement au locataire (et a réservé à statuer pour le surplus).</span></p>
<p class="elementtoproof"><span style="font-family: 'Tahoma',sans-serif; color: black;"> </span><span style="font-family: 'Tahoma',sans-serif; color: black;">Cette jurisprudence peut également être mobilisée si le contrat de bail a dû être interrompu du fait d&rsquo;une grave insalubrité.</span></p>
