{"id":20,"date":"2016-05-19T16:04:16","date_gmt":"2016-05-19T14:04:16","guid":{"rendered":"http:\/\/zl31wzsmw.preview.infomaniak.website\/_new2016\/?page_id=20"},"modified":"2025-10-28T12:10:44","modified_gmt":"2025-10-28T11:10:44","slug":"types","status":"publish","type":"page","link":"https:\/\/www.socialenergie.be\/fr\/factures\/types\/","title":{"rendered":"Types de factures"},"content":{"rendered":"<p>Il existe trois types de factures :<\/p>\n<ol>\n<li><a href=\"https:\/\/www.socialenergie.be\/fr\/factures\/types\/intermediaire\/\"><strong>Factures interm\u00e9diaires<\/strong><\/a><br \/>\nEgalement appel\u00e9es factures d\u2019acompte ou provisions, elles servent \u00e0 \u00e9taler le paiement de la consommation annuelle et sont envoy\u00e9es plusieurs fois par an (tous les mois, deux mois ou trois mois).<\/li>\n<li><strong><a href=\"https:\/\/www.socialenergie.be\/fr\/factures\/types\/regularisation\/\">Factures de r\u00e9gularisation<\/a><a href=\"https:\/\/www.socialenergie.be\/index.php?page=facture-de-regularisation\"><br \/>\n<\/a><\/strong>Egalement appel\u00e9es factures annuelles, elle sont envoy\u00e9es annuellement suite au relev\u00e9 des index du compteur.<\/li>\n<li><strong><a href=\"https:\/\/www.socialenergie.be\/fr\/factures\/types\/cloture\/\">Factures de cl\u00f4ture<\/a><a href=\"https:\/\/www.socialenergie.be\/index.php?page=facture-de-cloture\"><br \/>\n<\/a><\/strong>Elles concluent une p\u00e9riode de consommation, comme en cas de d\u00e9m\u00e9nagement ou de changement de fournisseur ou de passage au statut de client prot\u00e9g\u00e9.<\/li>\n<\/ol>\n","protected":false},"excerpt":{"rendered":"<p>Il existe trois types de factures : Factures interm\u00e9diaires Egalement appel\u00e9es factures d\u2019acompte ou provisions, elles servent \u00e0 \u00e9taler le paiement de la consommation annuelle et sont envoy\u00e9es plusieurs fois par an (tous les mois, deux mois ou trois mois). Factures de r\u00e9gularisation Egalement appel\u00e9es factures annuelles, elle sont envoy\u00e9es annuellement suite au relev\u00e9 des [&hellip;]<\/p>\n","protected":false},"author":1,"featured_media":0,"parent":18,"menu_order":315,"comment_status":"closed","ping_status":"closed","template":"","meta":{"_acf_changed":false,"footnotes":""},"class_list":["post-20","page","type-page","status-publish","hentry"],"acf":[],"_links":{"self":[{"href":"https:\/\/www.socialenergie.be\/fr\/wp-json\/wp\/v2\/pages\/20","targetHints":{"allow":["GET"]}}],"collection":[{"href":"https:\/\/www.socialenergie.be\/fr\/wp-json\/wp\/v2\/pages"}],"about":[{"href":"https:\/\/www.socialenergie.be\/fr\/wp-json\/wp\/v2\/types\/page"}],"author":[{"embeddable":true,"href":"https:\/\/www.socialenergie.be\/fr\/wp-json\/wp\/v2\/users\/1"}],"replies":[{"embeddable":true,"href":"https:\/\/www.socialenergie.be\/fr\/wp-json\/wp\/v2\/comments?post=20"}],"version-history":[{"count":9,"href":"https:\/\/www.socialenergie.be\/fr\/wp-json\/wp\/v2\/pages\/20\/revisions"}],"predecessor-version":[{"id":12151,"href":"https:\/\/www.socialenergie.be\/fr\/wp-json\/wp\/v2\/pages\/20\/revisions\/12151"}],"up":[{"embeddable":true,"href":"https:\/\/www.socialenergie.be\/fr\/wp-json\/wp\/v2\/pages\/18"}],"wp:attachment":[{"href":"https:\/\/www.socialenergie.be\/fr\/wp-json\/wp\/v2\/media?parent=20"}],"curies":[{"name":"wp","href":"https:\/\/api.w.org\/{rel}","templated":true}]}}

<p>Il existe trois types de factures :</p>
<ol>
<li><a href="https://www.socialenergie.be/fr/factures/types/intermediaire/"><strong>Factures intermédiaires</strong></a><br />
Egalement appelées factures d’acompte ou provisions, elles servent à étaler le paiement de la consommation annuelle et sont envoyées plusieurs fois par an (tous les mois, deux mois ou trois mois).</li>
<li><strong><a href="https://www.socialenergie.be/fr/factures/types/regularisation/">Factures de régularisation</a><a href="https://www.socialenergie.be/index.php?page=facture-de-regularisation"><br />
</a></strong>Egalement appelées factures annuelles, elle sont envoyées annuellement suite au relevé des index du compteur.</li>
<li><strong><a href="https://www.socialenergie.be/fr/factures/types/cloture/">Factures de clôture</a><a href="https://www.socialenergie.be/index.php?page=facture-de-cloture"><br />
</a></strong>Elles concluent une période de consommation, comme en cas de déménagement ou de changement de fournisseur ou de passage au statut de client protégé.</li>
</ol>

<p>Il existe trois types de factures : Factures intermédiaires Egalement appelées factures d’acompte ou provisions, elles servent à étaler le paiement de la consommation annuelle et sont envoyées plusieurs fois par an (tous les mois, deux mois ou trois mois). Factures de régularisation Egalement appelées factures annuelles, elle sont envoyées annuellement suite au relevé des [&hellip;]</p>
